)/42. Let v(b) = -b**3 + 6*b**2 + 9*b - 6. Let p be v(7). Let x = d + p. What are the prime factors of x?
2, 3
Let r(p) = p**2 + 5*p - 10. What are the prime factors of r(-7)?
2
Let i(y) be the first derivative of -9*y**2 - 5*y - 8. List the prime factors of i(-2).
31
Let i(s) = -6*s + 16. List the prime factors of i(-11).
2, 41
Suppose -s - 5*w = 3*s - 180, 2*s = -4*w + 96. List the prime factors of s.
2, 5
Let j = 11 - 8. Suppose -3*h + 3*o + j = 0, 6*h + 15 = h + o. List the prime factors of 136/10 - h/10.
2, 7
Let g = 30 - 15. What are the prime factors of g?
3, 5
What are the prime factors of 0 - 41*(0 - 4)?
2, 41
Let j(h) = h**2 + 3*h + 7. Let u(p) = -p**2 - p. Let a(m) = -j(m) - 2*u(m). List the prime factors of a(5).
13
Let y = -16 - -28. Suppose -7*j = -y*j + 75. List the prime factors of j.
3, 5
Let a = 14 + -10. Suppose 1 + 7 = a*k. Suppose -i - 8 = 5*w + k, 0 = -3*i + 4*w + 27. List the prime factors of i.
5
Suppose 0*d + 2*d + 24 = 4*p, 2*p + 4 = -3*d. Let c = p + 3. List the prime factors of c.
7
List the prime factors of (2/3)/((-1)/((-2250)/12)).
5
List the prime factors of (3 - 412/(-4)) + 1.
107
Suppose -5*i + 19 - 4 = 0. Suppose 0 = -i*d + 7*d - 12. Suppose -d*t - 2*x = -31, -2*t + x + 23 = -0*x. What are the prime factors of t?
11
Let t(d) be the first derivative of 1/4*d**4 + 3*d - 4*d**2 + 1 - 7/3*d**3. What are the prime factors of t(8)?
3
What are the prime factors of (-2)/6 - (-905)/15?
2, 3, 5
Let u(c) = c - 1. Let w(r) = 4*r + 4. Let m(d) = -5*u(d) + w(d). Let x be m(7). Suppose -3*j + x*j = -5. What are the prime factors of j?
5
Let m = 77 + -43. List the prime factors of m.
2, 17
Let u be (-47)/7 - 8/28. Let r = u - -17. Suppose -5*k = -0*k - r. List the prime factors of k.
2
Suppose 3*b = 92 + 211. Let k = -63 + b. List the prime factors of k.
2, 19
Let m = -14 - -8. Let u be (-233)/(-7) + m/21. Let b = -23 + u. What are the prime factors of b?
2, 5
List the prime factors of 513/2 + 36/24.
2, 3, 43
Suppose 16 = 4*i, 7*i - 3*i - 4 = 4*w. Let x = 3 - w. Suppose -3*a + 28 + 8 = x. What are the prime factors of a?
2, 3
Let i = 132 - 79. What are the prime factors of i?
53
Suppose -2*o + o - 58 = 0. Let x = 93 + o. List the prime factors of x.
5, 7
List the prime factors of (-628)/(-7) + 24/84.
2, 3, 5
Let g(z) = z**3 + 9*z**2 + 8*z + 5. Let u be g(-8). Suppose -f - 4 = -3*r + 4*f, u = 5*f. List the prime factors of (r - 6)*11/(-3).
11
Suppose -3*t = -25 - 41. What are the prime factors of t?
2, 11
Suppose -i + 3*r + 3 = 0, -3*r + 0*r = 2*i + 3. Suppose 0 = 2*z + 5*x - 51, 2*z + 4*x - 36 - 20 = i. List the prime factors of z.
2, 19
What are the prime factors of (-5252)/(-65) - (-1)/5?
3
Suppose -3 = -2*s + 9. What are the prime factors of s?
2, 3
Suppose -j + 2*m + 50 = 3*j, -2*j = 2*m - 10. Suppose 0*k + k = 0. Suppose 0 = -k*x - x + j. What are the prime factors of x?
2, 5
Suppose -2*q = 2*x - 82, 4*x - 4*q - 143 = -q. List the prime factors of x.
2, 19
Let m(t) = t**3 - 2*t**2 - 3. Let x be m(4). Let d = -17 + x. Let i = 29 - d. List the prime factors of i.
17
Suppose -2*x + 354 = 5*k, 2*x - 3*k - 188 = x. List the prime factors of x.
2, 7, 13
Let u(z) be the third derivative of -z**6/120 + z**5/12 - z**4/6 + 2*z**3/3 - 5*z**2. Suppose h + v = -1 - 0, -5*v - 32 = -4*h. List the prime factors of u(h).
2, 5
Suppose 4*c - 1135 = 565. List the prime factors of c.
5, 17
Let n = -13 - -11. Let w be 1 - 3*n - -1. List the prime factors of w - 2/(-4)*2.
3
Let y = 275 + -155. What are the prime factors of y?
2, 3, 5
Suppose 0 = -h + 5, 10*h + 163 = 3*x + 6*h. List the prime factors of x.
61
Suppose n + 1 = 3. Let s be -39*(-2 - (-2 - -1)). Suppose -n*z + v = 6*v - 3, -s = -4*z + v. List the prime factors of z.
3
Let v(l) = -2*l + 7. Let o be v(-9). Let k = o - 4. List the prime factors of k.
3, 7
Suppose -a - 5*n + 212 = 0, -3*a = 2*n - 3*n - 652. List the prime factors of a.
7, 31
Let l = 65 + -5. What are the prime factors of l?
2, 3, 5
Suppose -28 = -4*c + 4. What are the prime factors of c?
2
Let z(n) = -n**2 - 7*n + 2. Let c be z(-6). Let a be (1/1)/(4/c). Suppose 0 = a*s + 4*r - 26 - 24, 4*s - 85 = -3*r. What are the prime factors of s?
19
Let h be 4/(-10) + (-504)/(-10). Let x = 87 - h. List the prime factors of x.
37
Let w(v) = -26*v - 14. What are the prime factors of w(-7)?
2, 3, 7
Let k(c) = c**2 - 4*c - 12. What are the prime factors of k(-4)?
2, 5
Suppose -92 - 73 = -3*p. What are the prime factors of p?
5, 11
Suppose -3*r + 5*t = -40, 0*r + 4*t = 2*r - 30. Let p(j) = j**3 - 4*j**2 - 3*j - 3. List the prime factors of p(r).
7
Let i(z) = z**3 + 10*z**2 + 7*z - 10. Let x be i(-9). Suppose 0*h + 2*h + 4*o = 0, -4*h = 4*o - x. Suppose -2*s = -s - h. List the prime factors of s.
2
Suppose -2*l + 7 = 2*o + 3*l, -2*o + 2*l = -42. Suppose -2*f = -5*w + 78, 0*f + 4*f = -o. Let j = 25 - w. What are the prime factors of j?
11
Suppose 2*k - 23 = 3*i, 0 = -3*i - i + 5*k - 26. Let l = i - -5. List the prime factors of 10/l*-2 - 1.
2
Let j = -5 - 3. List the prime factors of 1 + j/(-2) + 0.
5
Let k(t) = t**2 + 5*t + 5. Let j be k(-5). Let w be 30 + (-2)/(-2) + -1. Suppose -2*u = -2*y, -w = -j*u + 3*u - 4*y. What are the prime factors of u?
5
Let t = 36 - 53. Let f = -9 - t. What are the prime factors of f?
2
Let l be ((-32)/10)/((-10)/225). Suppose 0*u - 4*r - 51 = -3*u, -3*u + l = 3*r. What are the prime factors of u?
3, 7
Suppose b = -0*b + 110. List the prime factors of (b/(-3))/(10/(-15)).
5, 11
Let v(j) be the second derivative of j**4/3 - 20*j. Let s(h) = h**2 + 6*h - 2. Let k be s(-6). What are the prime factors of v(k)?
2
Suppose q = 4*q - 297. What are the prime factors of q?
3, 11
Let p(o) = o - 4. Let h be p(6). List the prime factors of 1 + 0 + (h - -4).
7
Suppose -z + 4 = 0, -3*d + 0*z + 7 = 4*z. Let x be (2/d)/((-4)/30). Suppose 2*s - 2*w = -3*s + 65, -x*s - 4*w = -35. What are the prime factors of s?
11
Let h(k) = k**3 - 6*k**2 + 7*k - 5. Let v be h(5). Suppose 0 = v*d - 6 - 79. List the prime factors of d.
17
Let p(c) be the second derivative of c**3/6 + c. Suppose 0*f - 2*f + 8 = 0. List the prime factors of p(f).
2
Let f = 289 - 199. What are the prime factors of f?
2, 3, 5
Let p = 5 - -9. Let c be 9*-2*1/2. Let t = p + c. What are the prime factors of t?
5
Let w be (0 + 2)/(1/7). List the prime factors of -1*12/(-8)*w.
3, 7
Let n be 24/36 - 88/6. List the prime factors of (-3 - -1)/(4/n).
7
Suppose -200 = -5*b - 2*h, 2*b - 79 = -5*h + 4*h. List the prime factors of b.
2, 3, 7
Suppose -4 = -2*k - 0*k. Suppose 0 = k*t - t - 11. What are the prime factors of t?
11
Let v = -17 - -18. List the prime factors of (v + -4)*26/(-3).
2, 13
Let h = -33 - -47. Suppose 2*w - 4*w = -4. Suppose -w*g + 24 = -h. What are the prime factors of g?
19
Let z be (-2)/(-5) + 161/35. Suppose -10*q = -z*q - 100. List the prime factors of q.
2, 5
Suppose -5*m + 7 = -3. Suppose 3*z - m*z = 3*c - 3, 4*z = 4*c + 28. List the prime factors of z.
2, 3
Let r = 78 - 7. List the prime factors of r.
71
Suppose 25 = 5*z - 0*z. Suppose 0 = -t + 3*w + 25, -z*w = -4 + 24. List the prime factors of t.
13
Let m(z) be the third derivative of z**6/120 + z**5/30 - 5*z**4/24 - z**3/3 - z**2. Let p be m(-3). Suppose h = p*h - 33. List the prime factors of h.
11
Suppose 3*a = -a - 4. What are the prime factors of (-14)/(-1 - 0) - a?
3, 5
What are the prime factors of 25 - (12/3 - 4)?
5
Let q(m) = m + 8. Let t be q(-6). Suppose h - 15 = -t*u, -4*h = -3*u + 4*u + 10. List the prime factors of u.
2, 5
Let k(p) = -4*p. Let o be k(1). Let a(m) = 3*m**2 - 5*m**2 + 6 + 3*m**2 + 5*m. What are the prime factors of a(o)?
2
Suppose 0 = 5*n, 2*m + 0*n = -4*n + 40. What are the prime factors of m?
2, 5
List the prime factors of 2/(((-20)/(-515))/2).
103
List the prime factors of (18 - 17)*40*1.
2, 5
Suppose -2*z + 2 = 0, -4*z - 166 - 103 = -h. List the prime factors of h.
3, 7, 13
Let b = -5 + 0. Let u(i) = i - 5 - 3*i - 2. What are the prime factors of u(b)?
3
Let r(a) = -a**3 - 3*a**2 + 4. Let v be r(-3). Suppose -6*b - 2*u + 22 = -3*b, 12 = b - v*u. Let o = b - 5. What are the prime factors of o?
3
Let r be (-1 - 1/(-2))*0. Let n = r + 7. Let x = n - -1. List the prime factors of x.
2
Let l = 1 - 1. Let r be -1*l*1/(-3). Suppose -3*u - 5*w = -35, -2*u + 6*u - 5